{"id":349,"date":"2020-07-24T11:58:54","date_gmt":"2020-07-24T09:58:54","guid":{"rendered":"https:\/\/laurentwinkin.be\/?page_id=349"},"modified":"2020-08-14T00:27:57","modified_gmt":"2020-08-13T22:27:57","slug":"qui-suis-je","status":"publish","type":"page","link":"https:\/\/laurentwinkin.be\/index.php\/qui-suis-je\/","title":{"rendered":"Qui suis-je ?"},"content":{"rendered":"<div class=\"fusion-fullwidth fullwidth-box fusion-builder-row-1 fusion-flex-container nonhundred-percent-fullwidth non-hundred-percent-height-scrolling\" style=\"--awb-border-radius-top-left:0px;--awb-border-radius-top-right:0px;--awb-border-radius-bottom-right:0px;--awb-border-radius-bottom-left:0px;--awb-padding-left:50px;--awb-min-height:100vh;--awb-flex-wrap:wrap;\" ><div class=\"fusion-builder-row fusion-row fusion-flex-align-items-flex-start fusion-flex-content-wrap\" style=\"max-width:104%;margin-left: calc(-4% \/ 2 );margin-right: calc(-4% \/ 2 );\"><div class=\"fusion-layout-column fusion_builder_column fusion-builder-column-0 fusion_builder_column_3_5 3_5 fusion-flex-column\" style=\"--awb-padding-top:100px;--awb-padding-left:10px;--awb-bg-size:cover;--awb-width-large:60%;--awb-margin-top-large:0px;--awb-spacing-right-large:3.2%;--awb-margin-bottom-large:20px;--awb-spacing-left-large:3.2%;--awb-width-medium:60%;--awb-order-medium:0;--awb-spacing-right-medium:3.2%;--awb-spacing-left-medium:3.2%;--awb-width-small:100%;--awb-order-small:0;--awb-spacing-right-small:1.92%;--awb-spacing-left-small:1.92%;\"><div class=\"fusion-column-wrapper fusion-column-has-shadow fusion-flex-justify-content-flex-start fusion-content-layout-column\"><div class=\"fusion-text fusion-text-1\"><h3>SUR LE PLAN PROFESSIONNEL<\/h3>\n<div id=\"gtx-trans\" style=\"position: absolute; left: 107px; top: -6.28125px;\">\n<div class=\"gtx-trans-icon\"><\/div>\n<\/div>\n<\/div><div class=\"fusion-text fusion-text-2\"><p><strong>Associ\u00e9 au sein du cabinet Henry et Mersch, mes domaines d\u2019activit\u00e9s sont\u00a0:\u00a0<\/strong><em>Pratiques du commerce <span style=\"color: #95f0d6;\">\/<\/span>\u00a0Protection du consommateur <span style=\"color: #95f0d6;\">\/<\/span> Droit des nouvelles technologies <span style=\"color: #95f0d6;\">\/<\/span>\u00a0Contrats commerciaux et distribution commerciale <span style=\"color: #95f0d6;\">\/<\/span> Protection des donn\u00e9es \u00e0 caract\u00e8re personnel\u00a0<span style=\"color: #95f0d6;\">\/<\/span>\u00a0Recouvrement de cr\u00e9ances de masse.<\/em><\/p>\n<p>Je suis inscrit au barreau de Li\u00e8ge et de Huy.\u00a0Je suis curateur et collaborateur de l\u2019Universit\u00e9 de Li\u00e8ge.<\/p>\n<p><strong>Au sein du barreau :\u00a0<\/strong><em>Ancien membre de la Commission des honoraires <span style=\"color: #95f0d6;\">\/<\/span>\u00a0Ancien membre de la Commission Barreau-Entreprise\u2009<span style=\"color: #95f0d6;\">\/<\/span>\u00a0Pr\u00e9sident de la Commission Avocat dans la Cit\u00e9 de 2008 \u00e0 2010\u2009<span style=\"color: #95f0d6;\">\/<\/span> Membre du conseil de l\u2019Ordre de 2013 \u00e0 2015 sous le B\u00e2tonnat de Ma\u00eetre Andr\u00e9 RENETTE\u2009<span style=\"color: #95f0d6;\">\/<\/span>\u00a0Directeur du Centre de Formation Professionnel (CFP) de 2015 \u00e0 2018\u2009<span style=\"color: #95f0d6;\">\/<\/span>\u00a0Pr\u00e9sident actuel du conseil d\u2019administration du CFP\u2009<span style=\"color: #95f0d6;\">\/<\/span>\u00a0Membre de la Commission d\u00e9ontologie\u2009<span style=\"color: #95f0d6;\">\/<\/span>\u00a0Membre actuel du Conseil de l\u2019Ordre<\/em><\/p>\n<p>Ce qui a notamment pu \u00eatre r\u00e9alis\u00e9 dans ce cadre : prise en charge de la journ\u00e9e \u00ab Portes ouvertes \u00bb au Palais et d\u2019une permanence au Festival Les Ardentes en ma qualit\u00e9 de Pr\u00e9sident de la Commission Avocat dans la Cit\u00e9. Gestion du contentieux des honoraires sous le B\u00e2tonnat de Ma\u00eetre Andr\u00e9 RENETTE, n\u00e9gociation du partenariat avec la plateforme\u00a0 BSIT et mise en place des permanences m\u00e9diateur d\u2019entreprise sous le B\u00e2tonnat de Ma\u00eetre Bernard CEULEMANS.<\/p>\n<p><strong>Au sein de la Conf\u00e9rence Libre du Jeune Barreau :\u00a0<\/strong><em>Commissaire sous la pr\u00e9sidence de Bernard CEULEMANS (2003-2004)\u2009<span style=\"color: #95f0d6;\">\/<\/span> Directeur des Travaux sous la pr\u00e9sidence de Rapha\u00ebl DAVIN (2004-2005)<span style=\"color: #95f0d6;\">\/<\/span> Vice-Pr\u00e9sident de la Conf\u00e9rence sous la pr\u00e9sidence de L\u00e9on LEDUC (2006-2007) <span style=\"color: #95f0d6;\">\/<\/span> Pr\u00e9sident de la Conf\u00e9rence (2007-2008)\u2009<span style=\"color: #95f0d6;\">\/\u00a0<\/span>Orateur de rentr\u00e9e de la Conf\u00e9rence (2011)<\/em><\/p>\n<p>Ce qui a notamment pu \u00eatre r\u00e9alis\u00e9 dans ce cadre : 3 colloques en qualit\u00e9 de Directeur des Travaux, l\u2019organisation de la rentr\u00e9e lors de ma Vice-Pr\u00e9sidence et un engagement total pour les stagiaires et les jeunes avocats tout au long de ma Pr\u00e9sidence.<\/p>\n<p><strong>Au sein du FC Barreau :\u00a0<\/strong><em>Membre de l\u2019\u00e9quipe du FC BARREAU depuis ma premi\u00e8re ann\u00e9e de stage <span style=\"color: #95f0d6;\">\/<\/span>\u00a0Membre du comit\u00e9 du FC BARREAU (2015-2016) <span style=\"color: #95f0d6;\">\/<\/span>\u00a0Pr\u00e9sident du FC BARREAU (2016-2018)<\/em><\/p>\n<p>Ce qui a notamment pu \u00eatre r\u00e9alis\u00e9 dans ce cadre\u00a0: organisation du Tournoi Jean-Marie DEFOURNY \u00e0 l\u2019acad\u00e9mie du Standard de Li\u00e8ge, participation \u00e0 l\u2019Euro de Maribor en Slov\u00e9nie et au Mundi de Cambrils en Espagne. Aide \u00e0 l\u2019organisation du Tournoi de la Francophonie qui s\u2019est tenu en juin 2019 \u00e0 Li\u00e8ge, tournoi remport\u00e9 par notre \u00e9quipe premi\u00e8re.<\/p>\n<\/div><div class=\"fusion-text fusion-text-3\"><h3>SUR LE PLAN PERSONNEL<\/h3>\n<div id=\"gtx-trans\" style=\"position: absolute; left: 107px; top: -6.28125px;\">\n<div class=\"gtx-trans-icon\"><\/div>\n<\/div>\n<\/div><div class=\"fusion-text fusion-text-4\"><p>Je suis n\u00e9 le 8 juin 1975 \u00e0 Honville, petit village \u00e0 proximit\u00e9 de Bastogne.\u00a0Mon p\u00e8re \u00e9tait \u00e0 la fois instituteur et agriculteur afin d\u2019aider son fr\u00e8re c\u00e9libataire dans l\u2019exploitation de la ferme familiale dans laquelle j\u2019ai v\u00e9cu toute mon enfance et mon adolescence avec mes deux fr\u00e8res Benjamin et Mathieu. Ma m\u00e8re, quant \u00e0 elle, g\u00e9rait de main de ma\u00eetre la famille et elle avait fort \u00e0 faire\u2026<\/p>\n<p>Aujourd\u2019hui, je partage ma vie avec Catherine et suis l\u2019heureux papa de Chiara (13\u00a0ans), Romain (4\u00a0ans) et Antoine (2\u00a0ans et demie).\u00a0Je partage mon temps libre entre mon r\u00f4le de papa, la course \u00e0 pied, la natation et surtout le foot. Je suis fervent supporter du Standard depuis toujours. J\u2019appr\u00e9cie les parties de billard am\u00e9ricain entre amis. Depuis peu, je g\u00e8re une ruche dont je viens d\u2019extraire ma premi\u00e8re r\u00e9colte cette ann\u00e9e.\u00a0Enfin, j\u2019appr\u00e9cie la lecture orient\u00e9e vers les philosophes contemporains et la seconde guerre mondiale et plus particuli\u00e8rement l\u2019offensive des Ardennes.<\/p>\n<\/div><\/div><\/div><div class=\"fusion-layout-column fusion_builder_column fusion-builder-column-1 fusion_builder_column_2_5 2_5 fusion-flex-column image-right-lw fusion-no-small-visibility\" style=\"--awb-bg-image:url(&#039;https:\/\/laurentwinkin.be\/wp-content\/uploads\/2020\/08\/Qui-suis-je-4.jpg&#039;);--awb-bg-position:center center;--awb-bg-size:cover;--awb-width-large:40%;--awb-margin-top-large:0px;--awb-spacing-right-large:4.8%;--awb-margin-bottom-large:20px;--awb-spacing-left-large:4.8%;--awb-width-medium:40%;--awb-order-medium:0;--awb-spacing-right-medium:4.8%;--awb-spacing-left-medium:4.8%;--awb-width-small:100%;--awb-order-small:0;--awb-spacing-right-small:1.92%;--awb-spacing-left-small:1.92%;\"><div class=\"fusion-column-wrapper fusion-column-has-shadow fusion-flex-justify-content-flex-start fusion-content-layout-column fusion-empty-column-bg-image fusion-column-has-bg-image\" data-bg-url=\"https:\/\/laurentwinkin.be\/wp-content\/uploads\/2020\/08\/Qui-suis-je-4.jpg\"><img decoding=\"async\" class=\"fusion-empty-dims-img-placeholder\" src=\"data:image\/svg+xml,%3Csvg%20xmlns%3D%27http%3A%2F%2Fwww.w3.org%2F2000%2Fsvg%27%20width%3D%27711%27%20height%3D%271123%27%20viewBox%3D%270%200%20711%201123%27%3E%3Crect%20width%3D%27711%27%20height%3D%271123%27%20fill-opacity%3D%220%22%2F%3E%3C%2Fsvg%3E\"><\/div><\/div><\/div><\/div>\n","protected":false},"excerpt":{"rendered":"","protected":false},"author":1,"featured_media":0,"parent":0,"menu_order":0,"comment_status":"closed","ping_status":"closed","template":"","meta":{"footnotes":""},"class_list":["post-349","page","type-page","status-publish","hentry"],"_links":{"self":[{"href":"https:\/\/laurentwinkin.be\/index.php\/wp-json\/wp\/v2\/pages\/349","targetHints":{"allow":["GET"]}}],"collection":[{"href":"https:\/\/laurentwinkin.be\/index.php\/wp-json\/wp\/v2\/pages"}],"about":[{"href":"https:\/\/laurentwinkin.be\/index.php\/wp-json\/wp\/v2\/types\/page"}],"author":[{"embeddable":true,"href":"https:\/\/laurentwinkin.be\/index.php\/wp-json\/wp\/v2\/users\/1"}],"replies":[{"embeddable":true,"href":"https:\/\/laurentwinkin.be\/index.php\/wp-json\/wp\/v2\/comments?post=349"}],"version-history":[{"count":47,"href":"https:\/\/laurentwinkin.be\/index.php\/wp-json\/wp\/v2\/pages\/349\/revisions"}],"predecessor-version":[{"id":560,"href":"https:\/\/laurentwinkin.be\/index.php\/wp-json\/wp\/v2\/pages\/349\/revisions\/560"}],"wp:attachment":[{"href":"https:\/\/laurentwinkin.be\/index.php\/wp-json\/wp\/v2\/media?parent=349"}],"curies":[{"name":"wp","href":"https:\/\/api.w.org\/{rel}","templated":true}]}}

<div class="fusion-fullwidth fullwidth-box fusion-builder-row-1 fusion-flex-container nonhundred-percent-fullwidth non-hundred-percent-height-scrolling" style="--awb-border-radius-top-left:0px;--awb-border-radius-top-right:0px;--awb-border-radius-bottom-right:0px;--awb-border-radius-bottom-left:0px;--awb-padding-left:50px;--awb-min-height:100vh;--awb-flex-wrap:wrap;" ><div class="fusion-builder-row fusion-row fusion-flex-align-items-flex-start fusion-flex-content-wrap" style="max-width:104%;margin-left: calc(-4% / 2 );margin-right: calc(-4% / 2 );"><div class="fusion-layout-column fusion_builder_column fusion-builder-column-0 fusion_builder_column_3_5 3_5 fusion-flex-column" style="--awb-padding-top:100px;--awb-padding-left:10px;--awb-bg-size:cover;--awb-width-large:60%;--awb-margin-top-large:0px;--awb-spacing-right-large:3.2%;--awb-margin-bottom-large:20px;--awb-spacing-left-large:3.2%;--awb-width-medium:60%;--awb-order-medium:0;--awb-spacing-right-medium:3.2%;--awb-spacing-left-medium:3.2%;--awb-width-small:100%;--awb-order-small:0;--awb-spacing-right-small:1.92%;--awb-spacing-left-small:1.92%;"><div class="fusion-column-wrapper fusion-column-has-shadow fusion-flex-justify-content-flex-start fusion-content-layout-column"><div class="fusion-text fusion-text-1"><h3>SUR LE PLAN PROFESSIONNEL</h3>
<div id="gtx-trans" style="position: absolute; left: 107px; top: -6.28125px;">
<div class="gtx-trans-icon"></div>
</div>
</div><div class="fusion-text fusion-text-2"><p><strong>Associé au sein du cabinet Henry et Mersch, mes domaines d’activités sont : </strong><em>Pratiques du commerce <span style="color: #95f0d6;">/</span> Protection du consommateur <span style="color: #95f0d6;">/</span> Droit des nouvelles technologies <span style="color: #95f0d6;">/</span> Contrats commerciaux et distribution commerciale <span style="color: #95f0d6;">/</span> Protection des données à caractère personnel <span style="color: #95f0d6;">/</span> Recouvrement de créances de masse.</em></p>
<p>Je suis inscrit au barreau de Liège et de Huy. Je suis curateur et collaborateur de l’Université de Liège.</p>
<p><strong>Au sein du barreau : </strong><em>Ancien membre de la Commission des honoraires <span style="color: #95f0d6;">/</span> Ancien membre de la Commission Barreau-Entreprise <span style="color: #95f0d6;">/</span> Président de la Commission Avocat dans la Cité de 2008 à 2010 <span style="color: #95f0d6;">/</span> Membre du conseil de l’Ordre de 2013 à 2015 sous le Bâtonnat de Maître André RENETTE <span style="color: #95f0d6;">/</span> Directeur du Centre de Formation Professionnel (CFP) de 2015 à 2018 <span style="color: #95f0d6;">/</span> Président actuel du conseil d’administration du CFP <span style="color: #95f0d6;">/</span> Membre de la Commission déontologie <span style="color: #95f0d6;">/</span> Membre actuel du Conseil de l’Ordre</em></p>
<p>Ce qui a notamment pu être réalisé dans ce cadre : prise en charge de la journée « Portes ouvertes » au Palais et d’une permanence au Festival Les Ardentes en ma qualité de Président de la Commission Avocat dans la Cité. Gestion du contentieux des honoraires sous le Bâtonnat de Maître André RENETTE, négociation du partenariat avec la plateforme  BSIT et mise en place des permanences médiateur d’entreprise sous le Bâtonnat de Maître Bernard CEULEMANS.</p>
<p><strong>Au sein de la Conférence Libre du Jeune Barreau : </strong><em>Commissaire sous la présidence de Bernard CEULEMANS (2003-2004) <span style="color: #95f0d6;">/</span> Directeur des Travaux sous la présidence de Raphaël DAVIN (2004-2005)<span style="color: #95f0d6;">/</span> Vice-Président de la Conférence sous la présidence de Léon LEDUC (2006-2007) <span style="color: #95f0d6;">/</span> Président de la Conférence (2007-2008) <span style="color: #95f0d6;">/ </span>Orateur de rentrée de la Conférence (2011)</em></p>
<p>Ce qui a notamment pu être réalisé dans ce cadre : 3 colloques en qualité de Directeur des Travaux, l’organisation de la rentrée lors de ma Vice-Présidence et un engagement total pour les stagiaires et les jeunes avocats tout au long de ma Présidence.</p>
<p><strong>Au sein du FC Barreau : </strong><em>Membre de l’équipe du FC BARREAU depuis ma première année de stage <span style="color: #95f0d6;">/</span> Membre du comité du FC BARREAU (2015-2016) <span style="color: #95f0d6;">/</span> Président du FC BARREAU (2016-2018)</em></p>
<p>Ce qui a notamment pu être réalisé dans ce cadre : organisation du Tournoi Jean-Marie DEFOURNY à l’académie du Standard de Liège, participation à l’Euro de Maribor en Slovénie et au Mundi de Cambrils en Espagne. Aide à l’organisation du Tournoi de la Francophonie qui s’est tenu en juin 2019 à Liège, tournoi remporté par notre équipe première.</p>
</div><div class="fusion-text fusion-text-3"><h3>SUR LE PLAN PERSONNEL</h3>
<div id="gtx-trans" style="position: absolute; left: 107px; top: -6.28125px;">
<div class="gtx-trans-icon"></div>
</div>
</div><div class="fusion-text fusion-text-4"><p>Je suis né le 8 juin 1975 à Honville, petit village à proximité de Bastogne. Mon père était à la fois instituteur et agriculteur afin d’aider son frère célibataire dans l’exploitation de la ferme familiale dans laquelle j’ai vécu toute mon enfance et mon adolescence avec mes deux frères Benjamin et Mathieu. Ma mère, quant à elle, gérait de main de maître la famille et elle avait fort à faire…</p>
<p>Aujourd’hui, je partage ma vie avec Catherine et suis l’heureux papa de Chiara (13 ans), Romain (4 ans) et Antoine (2 ans et demie). Je partage mon temps libre entre mon rôle de papa, la course à pied, la natation et surtout le foot. Je suis fervent supporter du Standard depuis toujours. J’apprécie les parties de billard américain entre amis. Depuis peu, je gère une ruche dont je viens d’extraire ma première récolte cette année. Enfin, j’apprécie la lecture orientée vers les philosophes contemporains et la seconde guerre mondiale et plus particulièrement l’offensive des Ardennes.</p>
</div></div></div><div class="fusion-layout-column fusion_builder_column fusion-builder-column-1 fusion_builder_column_2_5 2_5 fusion-flex-column image-right-lw fusion-no-small-visibility" style="--awb-bg-image:url(&#039;https://laurentwinkin.be/wp-content/uploads/2020/08/Qui-suis-je-4.jpg&#039;);--awb-bg-position:center center;--awb-bg-size:cover;--awb-width-large:40%;--awb-margin-top-large:0px;--awb-spacing-right-large:4.8%;--awb-margin-bottom-large:20px;--awb-spacing-left-large:4.8%;--awb-width-medium:40%;--awb-order-medium:0;--awb-spacing-right-medium:4.8%;--awb-spacing-left-medium:4.8%;--awb-width-small:100%;--awb-order-small:0;--awb-spacing-right-small:1.92%;--awb-spacing-left-small:1.92%;"><div class="fusion-column-wrapper fusion-column-has-shadow fusion-flex-justify-content-flex-start fusion-content-layout-column fusion-empty-column-bg-image fusion-column-has-bg-image" data-bg-url="https://laurentwinkin.be/wp-content/uploads/2020/08/Qui-suis-je-4.jpg"><img decoding="async" class="fusion-empty-dims-img-placeholder" src="data:image/svg+xml,%3Csvg%20xmlns%3D%27http%3A%2F%2Fwww.w3.org%2F2000%2Fsvg%27%20width%3D%27711%27%20height%3D%271123%27%20viewBox%3D%270%200%20711%201123%27%3E%3Crect%20width%3D%27711%27%20height%3D%271123%27%20fill-opacity%3D%220%22%2F%3E%3C%2Fsvg%3E"></div></div></div></div>
